e 1592?
False
Is 105 a multiple of 7?
True
Is 30 a factor of 87591?
False
Is 2276 a multiple of 18?
False
Does 25 divide 13931?
False
Is 2 a factor of 5997?
False
Is 7451 a multiple of 51?
False
Is 281 a multiple of 12?
False
Is 40 a factor of 3320?
True
Does 27 divide 421?
False
Does 83 divide 581?
True
Does 25 divide 11725?
True
Is 7 a factor of 2947?
True
Does 73 divide 23652?
True
Is 12580 a multiple of 17?
True
Is 24 a factor of 14088?
True
Is 24963 a multiple of 157?
True
Is 33 a multiple of 5?
False
Does 16 divide 1392?
True
Is 3040 a multiple of 10?
True
Is 834 a multiple of 417?
True
Is 159 a multiple of 11?
False
Is 16 a factor of 31556?
False
Is 9181 a multiple of 19?
False
Does 12 divide 3060?
True
Is 592 a multiple of 37?
True
Is 12 a factor of 383?
False
Is 79 a factor of 3476?
True
Is 50 a factor of 450?
True
Does 179 divide 6809?
False
Is 21252 a multiple of 28?
True
Does 3 divide 8?
False
Is 157 a factor of 5181?
True
Is 17 a factor of 17281?
False
Does 14 divide 224?
True
Is 3758 a multiple of 16?
False
Does 11 divide 11895?
False
Is 23868 a multiple of 153?
True
Is 5166 a multiple of 22?
False
Does 81 divide 3845?
False
Is 19 a factor of 626?
False
Is 15 a factor of 1650?
True
Does 17 divide 1989?
True
Is 868 a multiple of 14?
True
Is 4 a factor of 546?
False
Is 1440 a multiple of 96?
True
Is 32 a factor of 928?
True
Does 30 divide 13771?
False
Does 8 divide 760?
True
Does 78 divide 1219?
False
Is 17 a factor of 6562?
True
Is 102 a factor of 510?
True
Does 5 divide 1205?
True
Is 73 a factor of 77660?
False
Is 22 a factor of 1935?
False
Does 38 divide 41154?
True
Is 21 a factor of 214?
False
Does 65 divide 35533?
False
Does 8 divide 17139?
False
Does 119 divide 3213?
True
Is 1723 a multiple of 15?
False
Is 22834 a multiple of 157?
False
Is 75 a factor of 26475?
True
Is 1756 a multiple of 7?
False
Is 59 a factor of 62304?
True
Is 205 a factor of 16820?
False
Does 19 divide 1365?
False
Is 3185 a multiple of 65?
True
Is 48 a factor of 1440?
True
Is 36693 a multiple of 29?
False
Is 54446 a multiple of 14?
True
Does 6 divide 777?
False
Does 18 divide 1730?
False
Is 203 a factor of 61509?
True
Does 26 divide 22791?
False
Is 38 even?
True
Is 9 a factor of 2608?
False
Is 94 a multiple of 2?
True
Is 2656 a multiple of 4?
True
Is 8 a factor of 851?
False
Does 16 divide 18055?
False
Is 19 a factor of 1606?
False
Does 4 divide 624?
True
Is 10 a factor of 2710?
True
Does 45 divide 3105?
True
Is 5 a factor of 1567?
False
Is 50 a factor of 1600?
True
Does 8 divide 35770?
False
Does 126 divide 5948?
False
Does 21 divide 1722?
True
Does 28 divide 420?
True
Does 11 divide 116270?
True
Is 97 a factor of 56954?
False
Does 21 divide 210?
True
Does 33 divide 417?
False
Is 72 a multiple of 12?
True
Is 60 a factor of 1800?
True
Does 163 divide 7437?
False
Is 10536 a multiple of 23?
False
Does 194 divide 7179?
False
Is 936 a multiple of 13?
True
Does 7 divide 815?
False
Is 4 a factor of 5662?
False
Is 11 a factor of 35025?
False
Is 120 a multiple of 12?
True
Does 10 divide 42280?
True
Does 3 divide 6521?
False
Is 17435 a multiple of 24?
False
Is 1100 a multiple of 11?
True
Is 716 a multiple of 41?
False
Is 11 a factor of 492?
False
Is 3 a factor of 45?
True
Does 111 divide 2345?
False
Is 22942 a multiple of 9?
False
Does 22 divide 1056?
True
Is 20 a factor of 2820?
True
Is 280 a multiple of 10?
True
Is 78 a factor of 8346?
True
Is 12556 a multiple of 73?
True
Is 328 a multiple of 8?
True
Does 4 divide 564?
True
Is 1921 a multiple of 4?
False
Is 402 a multiple of 6?
True
Is 113 a multiple of 13?
False
Does 10 divide 10471?
False
Does 53 divide 1003?
False
Does 6 divide 1213?
False
Does 6 divide 9528?
True
Is 64962 a multiple of 27?
True
Is 340 a multiple of 22?
False
Is 240 a multiple of 10?
True
Does 212 divide 24690?
False
Is 21 a factor of 5404?
False
Is 7956 a multiple of 39?
True
Is 45 a factor of 40995?
True
Is 3 a factor of 895?
False
Is 204 a multiple of 8?
False
Does 23 divide 5497?
True
Is 1818 a multiple of 29?
False
Is 525 a multiple of 21?
True
Does 21 divide 23932?
False
Is 20 a factor of 849?
False
Does 5 divide 3398?
False
Is 77 a factor of 332?
False
Is 13 a factor of 58942?
True
Is 4059 a multiple of 101?
False
Is 410 a multiple of 41?
True
Does 50 divide 950?
True
Does 29 divide 1537?
True
Is 7022 a multiple of 14?
False
Does 68 divide 889?
False
Is 809 a multiple of 29?
False
Is 5 a factor of 1200?
True
Is 76 a factor of 2812?
True
Does 13 divide 1654?
False
Is 61 a factor of 6184?
False
Does 14 divide 4181?
False
Is 68 a factor of 1255?
False
Is 6655 a multiple of 11?
True
Is 295 a multiple of 55?
False
Does 42 divide 1008?
True
Does 22 divide 31790?
True
Is 33 a multiple of 19?
False
Is 19 a factor of 786?
False
Is 99472 a multiple of 369?
False
Is 4947 a multiple of 3?
True
Is 50358 a multiple of 66?
True
Does 186 divide 18042?
True
Does 28 divide 12936?
True
Is 2128 a multiple of 6?
False
Does 24 divide 826?
False
Is 99 a factor of 8019?
True
Does 61 divide 23276?
False
Is 2106 a multiple of 13?
True
Is 176 a factor of 1056?
True
Does 59 divide 1400?
False
Is 115 a factor of 10373?
False
Is 94 a factor of 112097?
False
Is 2352 a multiple of 28?
True
Is 13398 a multiple of 66?
True
Does 21 divide 2786?
False
Does 5 divide 6820?
True
Does 33 divide 1881?
True
Is 8 a factor of 336?
True
Is 462 a multiple of 11?
True
Does 25 divide 955?
False
Is 7801 a multiple of 7?
False
Is 19 a factor of 2793?
True
Is 8902 a multiple of 54?
False
Does 87 divide 6400?
False
Is 7 a factor of 34802?
False
Is 30 a factor of 10200?
True
Does 34 divide 1413?
False
Is 69 a factor of 22229?
False
Is 6 a factor of 138?
True
Is 4 a factor of 64?
True
Is 39 a factor of 1053?
True
Is 1921 a multiple of 6?
False
Does 5 divide 459?
False
Is 37 a multiple of 27?
False
Does 30 divide 30775?
False
Does 85 divide 5948?
False
Is 75 a factor of 1839?
False
Is 10 a factor of 1590?
True
Does 30 divide 771?
False
Does 10 divide 60?
True
Is 10465 a multiple of 13?
True
Is 6578 a multiple of 24?
False
Is 4 a factor of 252?
True
Does 5 divide 1215?
True
Does 46 divide 460?
True
Is 299 a multiple of 2?
False
Is 15 a factor of 6165?
True
Is 19 a factor of 5527?
False
Does 62 divide 1263?
False
Is 37407 a multiple of 337?
True
Is 123133 a multiple of 10?
False
Does 8 divide 48?
True
Is 312 a multiple of 2?
True
Is 75 a factor of 75?
True
Does 14 divide 1470?
True
Is 15 a factor of 255?
True
Is 2113 a multiple of 45?
False
Does 40 divide 880?
True
Is 15459 a multiple of 143?
False
Is 6 a factor of 57?
False
Is 87210 a multiple of 10?
True
Is 190 a multiple of 10?
True
Does 14 divide 5015?
False
Does 14 divide 435?
False
Is 20061 a multiple of 53?
False
Is 678 a multiple of 58?
False
Is 20 a factor of 982?
False
Does 68 divide 4932?
False
Does 172 divide 9460?
True
Is 27 a factor of 486?
True
Is 4131 a multiple of 12?
False
Is 8 a factor of 216?
True
Is 25 a factor of 16250?
True
Is 1435 a multiple of 5?
True
Does 21 divide 11939?
False
Does 12 divide 3456?
True
Does 39 divide 1599?
True
Is 8 a factor of 1372?
False
Is 31 a factor of 2727?
False
Does 13 divide 335?
False
Is 1717 a multiple of 17?
True
Is 70630 a multiple of 14?
True
Is 10628 a multiple of 107?
False
Does 22 divide 528?
True
Is 176 a factor of 1009?
False
Is 162 a factor of 5982?
False
Is 108 a factor of 3240?
True
Does 226 divide 19888?
True
Does 165 divide 518?
False
Does 8 divide 5264?
True
Is 15800 a multiple of 17?
False
Is 33720 a multiple of 45?
False
Is 697 a multiple of 41?
True
Is 177 a factor of 12363?
False
Does 4 divide 3412?
True
Does 10 divide 29070?
True
Does 2 divide 47?
False
Does 35 divide 3870?
False
Does 12 divide 960?
True
Is 82 a factor of 39278?
True
Does 14 divide 15776?
False
Is 436 a multiple of 18?
False
Does 7 divide 30191?
True
Does 34 divide 1429?
False
Is 180 a multiple of 12?
True
Does 129 divide 2838?
True
Does 19 divide 16467?
False
Does 39 divide 205?
False
Does 62 divide 47554?
True
Is 3 a factor of 1856?
False
Is 32 a factor of 6336?
True
Is 55413 a multiple of 8?
False
Is 11 a factor of 41426?
True
Does 12 divide 32472?
True
Is 263 a multiple of 17?
False
Does 81 divide 3969?
True
Is 4722 a multiple of 6?
True
Does 50 divide 2150?
True
Is 29 a factor of 21025?
True
D